 r(x) = x**3 - 6*x**2 - 11*x - 25. List the prime factors of r(10).
5, 53
Let l be ((-114)/(-95))/((-4)/(-10)). Let h = l - -36. What are the prime factors of h?
3, 13
Let b(s) = s**3 + 24*s**2 - 29*s - 33. What are the prime factors of b(-25)?
67
Suppose 800 + 2842 = 6*x. List the prime factors of x.
607
Let t be (140/(-12))/1*9. Let b = t - -229. What are the prime factors of b?
2, 31
Suppose 0 = -2*t + 4*v - 2, 5*v = -4*t - 0*t - 4. List the prime factors of ((-310)/(-10))/(t + 2).
31
Let o = -35 - -8. Let w = o - -31. What are the prime factors of w?
2
Suppose 3 = c - 0. Let u be 3*c/(-18)*2. List the prime factors of u/((-3)/(8 - 2)).
2
Let r(a) = -2*a + 5. Let u be r(4). Let b = 6 - u. Suppose 70 = b*k - 7*k. List the prime factors of k.
5, 7
Suppose 2*b + 4 = -3*q - 3*b, -5*b = -q + 12. Suppose 2*a + d = -27 + 91, 0 = -q*d. What are the prime factors of a?
2
Let g(m) = -m**3 + 11*m**2 - 9*m - 14. Let j be g(10). What are the prime factors of j + (-2 - 0) + 60?
2, 3
Let x(h) = h**3 - 16*h**2 + 16*h - 12. Let o be x(15). Suppose -v = o*v - 656. Suppose 11*s = 15*s - v. List the prime factors of s.
41
Let f(n) = -269*n - 1. Let g be f(1). Let x = g + 181. Let w = -61 - x. What are the prime factors of w?
2, 7
Suppose -59 = -h + k + 98, -2*k + 172 = h. Let l = -73 + h. What are the prime factors of l?
89
Let o be (-426)/(-24) + 6/(-8). Let q(u) be the third derivative of u**5/60 - 17*u**4/24 + 7*u**3/6 + 6*u**2. What are the prime factors of q(o)?
7
Suppose 54 = 3*y + 12. Suppose 0 = s - y - 10. Let p = 46 - s. List the prime factors of p.
2, 11
Let j = 53 - 44. Suppose -j*x + 624 = -3*x. What are the prime factors of x?
2, 13
Let a be 4*(4 + -6 + 3/2). List the prime factors of (23/3)/((-3)/(36/a)).
2, 23
Let t be (-3)/(1 + -7)*4. List the prime factors of (31/(-6)*-3)/(1/t).
31
Let d(u) = -u**2 + 6*u + 10. Let f be d(7). Suppose -57 = -p + 4*j, f*j = -3*p + 324 - 78. What are the prime factors of p?
7, 11
Let j be ((-2)/6)/((-12)/252). Suppose -20 = -j*f + 6*f. What are the prime factors of f?
2, 5
Let b = -24 - -43. Suppose -3*v + 55 = 5*k, v + b = k - 0*k. What are the prime factors of k?
2, 7
Let m = 291 - 203. What are the prime factors of m?
2, 11
Suppose -3*t - 15 = -7*t - 3*c, 0 = -2*t + 5*c - 25. Let s(m) = 3*m + 104. What are the prime factors of s(t)?
2, 13
Let f(v) be the third derivative of -v**5/60 - 11*v**4/24 - v**3 + 9*v**2. Let q = -7 + 3. List the prime factors of f(q).
2, 11
List the prime factors of 2*(-1 - (5544/6)/(-4)).
2, 5, 23
Suppose -3*v = 2*v - 15, 4*n - 92 = -4*v. Let d be 28/n - (-2)/(-5). List the prime factors of (25 - d) + (-8 - -5).
3, 7
List the prime factors of (-12 - -3827) + 0 + 8.
3823
Let v be 6/9*-3 + 61. Let n = v + 68. What are the prime factors of n?
127
Let d = 11 + -8. Suppose 4 = -5*q - 2*c, 0*c - 6 = d*c. Let i(v) = -v**3 - v**2 - v + 22. List the prime factors of i(q).
2, 11
Let x be 2/10 + (-2596)/(-20). What are the prime factors of ((-36)/(-8) - 4)*x?
5, 13
Let v be ((-3)/6 - -1)/((-6)/(-96)). Suppose 3*i + 1025 = v*i. What are the prime factors of i?
5, 41
Let o(v) = 2*v + 18. Let j be o(13). Let d = j - -10. List the prime factors of d.
2, 3
Let s(m) = -4 + 4 - 1 - 11*m. List the prime factors of s(-6).
5, 13
Let o(w) = -13*w + 14. Let a(s) = -66*s + 71. Let b(t) = 2*a(t) - 11*o(t). What are the prime factors of b(4)?
2
Let n(i) = 3*i**2 + 3*i + 1. Let v be n(2). List the prime factors of (-1 - 2) + 8 + v.
2, 3
Suppose 4*r + 377 = -5*v, v - 20 = r + 72. Let t = -59 - r. List the prime factors of t.
2, 17
Suppose 5*t + 4 = 6*t. Suppose -t*n = 2*j - 110, -j + 6*j - 14 = -n. Let g = n - 10. What are the prime factors of g?
19
Let y(j) = j**2 - j - 2. Let h be y(3). Suppose -h*v - 3 - 34 = -d, 3*v = 3*d - 84. List the prime factors of d.
5
Let h(b) = -44*b**3 - 3*b**2 + 2. Let l be h(1). Suppose -5*o - 6 = -5*t + 79, 0 = -4*t - 16. Let q = o - l. What are the prime factors of q?
2, 3
What are the prime factors of 103/2*52 - 1?
2677
List the prime factors of (-5673150)/450*(4/(-14))/2.
1801
Suppose 4*b = 2388 + 1112. What are the prime factors of b?
5, 7
Let g(i) = -162*i - 630. List the prime factors of g(-23).
2, 3, 43
Let a(g) = g**2 + 7*g - 1. Let o be a(-6). What are the prime factors of ((-44)/10)/(o/105)?
2, 3, 11
Let w(s) = 8 - 3 + 6 + 2*s**2 + 9*s - 3. List the prime factors of w(-6).
2, 13
Let m = 21 - 18. Suppose -g + m*g - 4*f - 138 = 0, 3*g = -f + 235. What are the prime factors of g?
7, 11
Suppose 0 = -n - 3*m - 187, 4*n + 748 = 4*m - 3*m. List the prime factors of (n/(-44))/(1/4).
17
Let t(s) = -7*s**3 + s**2 + s. Let y be t(-1). List the prime factors of 3/y*1 + (-180)/(-21).
3
Let j(c) = c**2 - 17*c + 14. Let o be j(10). Let r(v) = -24*v**2 + 1. Let y be r(-1). Let a = y - o. List the prime factors of a.
3, 11
Let b(u) = 2*u**2 - 14*u - 1. What are the prime factors of b(16)?
7, 41
What are the prime factors of (-47900)/(-40)*8/10?
2, 479
Let x = -18 - -18. Suppose x = 7*h - 10*h + 6. Suppose h*l + 12 - 58 = 0. List the prime factors of l.
23
Let g(k) = -16 - 12 - 15*k + 25. List the prime factors of g(-10).
3, 7
Let b = -31 + 26. List the prime factors of (b/((-10)/(-36)))/((-12)/8).
2, 3
Suppose -5*r + 3*b = 4*b - 3039, 0 = 5*b + 5. What are the prime factors of r?
2, 19
Suppose -62332 = -25*j - 23207. List the prime factors of j.
5, 313
Let j be (-7)/21 + (-194)/(-6). Suppose -3*p + 281 = j. What are the prime factors of p?
83
Suppose -3*f + 260 - 44 = 0. What are the prime factors of (f/(-60))/((-1)/5)?
2, 3
Suppose -7*r + 2*r - 4*i = -7511, -5*i = -3*r + 4514. What are the prime factors of r?
3, 167
Let r(t) = -t. Let n(x) = -x - 12. Let j(h) = -n(h) + 2*r(h). List the prime factors of j(-4).
2
Let l(a) = 4933*a**2 + 10*a - 9. What are the prime factors of l(1)?
2, 2467
What are the prime factors of (0 - -3)/(-1) + 4167*1?
2, 3, 347
Let n(c) = 17*c**2 + 3*c - 4. Let u be n(2). Let q = u - 50. Suppose 0 = q*o - 25*o + 220. What are the prime factors of o?
2, 11
Suppose 80*a - 101*a = -21483. List the prime factors of a.
3, 11, 31
Let k(t) = -t**3 + 5*t**2 + 7*t - 3. Let f be k(6). Let u(x) = f - 5 + 12*x + 3 - 3. List the prime factors of u(2).
2, 11
Suppose 29 - 81 = -4*z. Let h = z + -18. What are the prime factors of (6 + h)/((-1)/(-32))?
2
Suppose 8*u - 27 + 355 = 0. Let m = 60 + u. List the prime factors of m.
19
Let a(m) = m - 7 + 11 + 7 + 3*m**2. What are the prime factors of a(-5)?
3
Let p(y) = -2*y**3 - 2*y**2 + y + 1. Let l be p(-2). Suppose -9*j = -l*j + 18. Let a = 27 + j. What are the prime factors of a?
2, 3
Suppose -316 = -m + 5*u, 2*u = -u - 3. Let r = m - 61. List the prime factors of r.
2, 5
Let p(g) = g**3 - g**2 - 6*g + 5. Let t be p(3). Suppose 3*z - 2*r - 80 = 0, 2*z - z - t*r = 44. List the prime factors of z.
2, 3
Let q(t) = 20*t**2 - 4*t + 1. Let x be q(3). Let s = x + -45. List the prime factors of s.
2, 31
Suppose -2*p - 21 = -3*s + p, -p - 3 = 0. Suppose 5*h - 214 = -2*x, s*x + h = 4*h + 454. What are the prime factors of x?
2, 7
Let w(s) = -s**3 + 7*s**2 + 8*s - 4. Let c be w(8). Let h be 3 + -4*3/c. List the prime factors of (h - 3) + 3 + 1.
7
Let a(n) = 10 - 13*n + 55*n + 3 - 25*n. What are the prime factors of a(5)?
2, 7
Let y(l) = 4*l**2 + 3*l - 2. Suppose -2*c = -5*c + 21. Suppose -c*s = -5*s + 6. What are the prime factors of y(s)?
5
Let q(w) = -w - 12. Let n(k) = 2*k + 23. Let z(a) = -4*n(a) - 7*q(a). Let l be z(-13). Suppose l*y = y + 44. List the prime factors of y.
11
Suppose -2*x = -5*y + 24498, -15 = 2*x - 7. List the prime factors of y.
2, 31, 79
Let f = -43 - -18. Let j = f + 20. What are the prime factors of 66/10 + (-2)/j?
7
List the prime factors of (-2)/(-3)*-6 - -619.
3, 5, 41
Let s(f) = 2*f**2 + 9*f - 70. What are the prime factors of s(-18)?
2, 13
Let n(w) be the third derivative of -2*w**4/3 + 33*w**2. Suppose -3*p = -p + 6, -3*s + 5*p + 9 = 0. List the prime factors of n(s).
2
Suppose -5*k - 34 - 11 = 0. Let d(s) = -s**3 - 10*s**2 - 13*s - 4. What are the prime factors of d(k)?
2
Suppose -3*m = 4 - 7. Suppose -5*p = -6 + m. What are the prime factors of 26*1 - (-2 - p)?
29
Let y(c) = -c**3 + 8*c**2 + 6*c + 9. Let n be y(9). Let p be n/27*(-3)/(-2). What are the prime factors of 5/((-10)/(-18)) + p?
2
Let k(g) = 11